et b be q(1). Determine m(b).
6
Let c(f) = -6 - 8 + 0*f + 2*f - 1 + 13. What is c(4)?
6
Let n(d) = -d**3 - 4*d**2 - 5*d - 4. Let j(s) be the third derivative of s**5/60 - s**4/4 + s**3/3 - 2*s**2. Let o be j(3). Let c = o + 4. Calculate n(c).
2
Let f(q) = -q - 26. Let d = 300 + -300. What is f(d)?
-26
Let v(s) = s**3 - s**2 - s + 2. Let c be -4*17/68*0/(-2). Determine v(c).
2
Let x(v) = v**3 + 3*v**2 + 6*v + 89. Let s be x(-5). Let m(q) = -4*q + 11. Determine m(s).
-25
Suppose -15 = 2*o - s, -3*o - 5 = -3*s - 2*s. Let p be (0 + 0)/(-8 - o). Let y(d) = -13*d + 19*d - 5*d + 2. What is y(p)?
2
Let z(c) = 3*c - 1. Let v(w) = -4*w. Let g(d) = 2*v(d) + 3*z(d). Let x = -94 - -94. Calculate g(x).
-3
Let w be (-3)/((1/3)/(88/6)). Let u be ((-2)/(-6))/(11/w). Let g(s) = s**3 + 3*s**2 - 3*s + 4. Give g(u).
0
Suppose -4*i + 31 = -m, -2*m - 8*i = -3*i + 23. Let t = 22 + m. Let y(l) = 7*l + l**3 - 5*l**2 - 4*l - 2*l - t. What is y(5)?
2
Let r(m) = -2 - 7*m + 9 + 1 - 9 + 3. Determine r(1).
-5
Let q be 8 + -12 + -1 + 8. Let h(k) = 4*k. Give h(q).
12
Let x(i) = -2*i**3 + 7*i - 7. Let f(d) = 3*d**3 - 11*d + 10. Let u(n) = -5*f(n) - 7*x(n). Give u(4).
-41
Let f(t) = t**2 + t - 2. Suppose -2*x - 64 = -q + 2*x, -q - 2*x + 34 = 0. Let i = -15 + q. Let j = 27 - i. What is f(j)?
0
Let n(o) = o**3 - 5*o**2 - 10*o - 5 + 4*o - o**2. Suppose 4*h - 18 = 2. Suppose h*y = 33 + 2. Determine n(y).
2
Let r(q) be the first derivative of -q**3/3 + 3*q**2/2 + 5*q + 114. Suppose -5*z - d = -24, -d - 20 = -z - 5*d. What is r(z)?
1
Suppose -5*i + 0 = -25. Suppose -2*m + m = 4*q + 25, 40 = -3*m - i*q. Let g(j) = j + j**2 + 7 + 4*j + 3*j. Determine g(m).
-8
Let m(g) = g**2 - 3. Let o(a) = 5*a**2 + 26*a - 8. Let j(x) = 3*x**2 + 17*x - 5. Let k(n) = 8*j(n) - 5*o(n). Let t be k(5). Give m(t).
22
Let x(u) be the first derivative of u**2/2 - 2*u + 317. Let g(p) = -p**3 - 6*p**2 + 2*p - 3. Let k be g(-6). Let v = k - -11. Determine x(v).
-6
Let r(i) = i**2 + 4*i - 1. Suppose -2*c + 4 = 0, n - 13*c + 8*c = -14. Calculate r(n).
-1
Let d(p) = -2*p - 1. Let s(h) = -h**2 - h - 1. Let i = 4 - 0. Let l be s(i). Let z = l - -22. Determine d(z).
-3
Let l(v) = -v**3 - 2*v**2 + 2*v - 2. Let q be l(-3). Let p(w) be the second derivative of -20*w + 0 - 1/2*w**2 + w**3. Calculate p(q).
5
Let o(c) = c**2 - 8*c - 7. Suppose 0 = -7*j + 37*j - 270. Give o(j).
2
Suppose -b + 3 = -0*b. Let g(s) = 3*s**2 + 10 - s**3 + 8*s - 9*s - 3 - 4. Give g(b).
0
Let s(v) = -4*v. Suppose 0 = -2*b - h, 1 = 2*h + 5. Let y(q) = -q + 1. Let g(m) = b*y(m) - s(m). Let x = -2 + 4. Give g(x).
7
Let z(v) = -3*v - 3. Let x(l) = -l - 2. Let c be x(1). Let h(o) = -2*o - 1. Let g(m) = c*z(m) + 5*h(m). Determine g(-6).
10
Let c(a) = a - 11 + 10 + 9*a**2 - 20*a**2. Suppose -3*o + 2*u = 1, -3*u + 6 = 2*o - u. Determine c(o).
-11
Let i(z) = z**2 - z + 8. Let p(k) = 3*k + 57. Let v be p(-19). What is i(v)?
8
Let i(n) be the first derivative of n**3/3 - 7*n**2/2 + 4*n + 1. Let z(u) = u**3 - u**2 + 3*u - 5. Let p = 32 - 30. Let k be z(p). What is i(k)?
-6
Suppose 0 = -3*c - 2*t + 29, 0*t = -4*c + 5*t + 77. Suppose c*m + 1 = 14*m. Let w(o) = 6*o - 1. Calculate w(m).
5
Let m(t) = -11*t**3 - t**2 + 5*t - 6. Let h(l) = -9*l**3 + 5*l - 5. Let x(k) = 5*h(k) - 4*m(k). Determine x(4).
19
Let u = 7 - 2. Suppose 2 = -b + u. Suppose -2*s - 2*m - 12 = -6*m, -10 = 2*s - b*m. Let l(a) = -2*a. What is l(s)?
4
Suppose -f - 4 = -2*s, -6*f + 19 = -4*f + 5*s. Suppose -4*g + 4*n - 26 - 6 = 0, -4 = f*g + 2*n. Let t(a) = -a**3 - 5*a**2 + 2*a - 5. Determine t(g).
-15
Suppose -2*s + 16 = 4*g, -4*s + g - 1 = -3*s. Let z(i) = -6*i**2 - s - 2*i + 5*i**2 + 2. Let n = -24 - -21. Determine z(n).
-3
Let h(l) = -7*l**2 - l + 9664 - 4830 + l - 4833. Let s = -1 + 0. Let b = s + 2. Determine h(b).
-6
Let k(m) be the second derivative of -m**8/6720 + m**7/840 + m**6/720 + m**5/24 + 4*m**4/3 - 9*m. Let o(t) be the third derivative of k(t). Give o(4).
-7
Let s = -1278 + 1284. Let a(v) = v**2 + 7*v. Let w be a(-8). Let p(d) = -1 + w*d - 4 - 5*d**2 - 2*d**2 + d**3. Calculate p(s).
7
Let a(b) = -1. Let l(h) = h**2 + 5*h - 6. Suppose -6*f + 8 = 14. Let k(i) = f*l(i) + 6*a(i). What is k(-6)?
-6
Suppose 26*d - 40*d = -56. Let u(c) = c**2 - 6*c + 2. Determine u(d).
-6
Let x(w) = w**3 + 8*w**2 + 8*w. Suppose 5*v - 12*v - 49 = 0. Calculate x(v).
-7
Let o(z) = z**2 + 2*z + 3. Let s(y) = -5*y**2 + 4*y - 29. Let w(m) = -6*o(m) - s(m). Determine w(-15).
26
Suppose x = -3*y + 7, 4*y = 11 + 1. Let c(v) = -3*v**2 + 2*v - 3*v - 3 + 3*v - 6*v. Calculate c(x).
-7
Let z(d) = -1252*d - 4*d**2 - d**3 + 625*d + 625*d + 2. Suppose -4*b + 16 = -5*f, 13 = -2*f - 4*b - b. Give z(f).
10
Let z(j) be the second derivative of j**4/12 + j**3 - 7*j**2/2 - 321*j + 1. Determine z(-6).
-7
Suppose -462 = -2*a - 2*a + 5*n, -2*a - 3*n = -220. Let m = a - 114. Let i(t) = -t - 4. Let f(h) = 2*h + 7. Let k(r) = -3*f(r) - 5*i(r). Give k(m).
0
Let m = -19 - -16. Let r(h) = h**2 + h + 4. Let z(s) = 5*s**2 + 5*s + 17. Let p(t) = -9*r(t) + 2*z(t). What is p(m)?
4
Suppose 5*z = 16*z + 99. Let o(n) = -n**2 - 9*n + 11. What is o(z)?
11
Let f(t) be the third derivative of t**5/60 - 3*t**3/2 - 20*t**2 + 6*t. What is f(-3)?
0
Let d(m) = -30*m. Let k(o) = 12*o. Let g(s) = -5*d(s) - 12*k(s). Let p be (-2)/(12/9)*-2. Give g(p).
18
Let s(f) = 11*f**2 - 6 + f**3 + 8*f - 18*f**2 - 3. Give s(6).
3
Let i = 6 - 12. Let q(v) = 5*v - 1557. Let c(j) = 130. Let k(m) = 12*c(m) + q(m). Determine k(i).
-27
Let p(o) = -2*o + 12. Let n = 512 + -505. Calculate p(n).
-2
Let z = 83 + -178. Let n = 94 + z. Let f(l) = 5*l**3 + l**2 + l + 1. Give f(n).
-4
Let q(p) = -15*p + 1. Let j = 39 - 27. Let o be (4/6)/(j/18). Calculate q(o).
-14
Let t(p) = 2*p - 51. Let c(v) = -v + 24. Let h(b) = -13*c(b) - 6*t(b). Suppose -5*f + f = -5*x + 57, -3 = x. Let s = -11 - f. Give h(s).
1
Let j(n) be the second derivative of 11/2*n**2 + 9*n + 1/6*n**3 + 0. Calculate j(-7).
4
Let k(z) = -5*z + 3 - 3*z**3 + z**3 + 4*z**3 + 8*z + 3*z**2. Calculate k(-2).
-7
Let p(l) be the first derivative of -l**2/2 - 2*l + 1. Suppose 0*i + 6*i - 12 = 0. Suppose -3*j = -4*q + 8, 2 - 12 = i*q + 2*j. Calculate p(q).
-1
Let t(v) = 3*v**3 + v - 1. Suppose -2*y = -3*y + 5, 5*j - 40 = -5*y. Suppose 0 = 5*a - 8 + j. What is t(a)?
3
Suppose -485 = 91*v + 6*v. Let z(q) = 3 - 5*q + 2 - 3*q**2 + 2*q**2. What is z(v)?
5
Let a(n) = 233 - 217 + 3*n + 0*n - 2*n. Determine a(-8).
8
Let r(x) = -2*x + 3. Let w be ((-46)/(-8))/((-6)/24). Let c = w - -26. Suppose 0 = 3*t + c*d, -t - d = -5*d + 15. Determine r(t).
9
Let d(t) = t + 6. Let l(w) = w + 13. Let a(c) = -7*d(c) + 3*l(c). Let r(q) = -q**2 + 11*q - 22. Let s be r(9). Determine a(s).
13
Let o = 41 - -11. Let g(d) = -28 + 2*d**2 + 2*d - 27 + o. Determine g(3).
21
Let m(n) = 207*n**2 - 421*n**2 + 4*n + 215*n**2 - 6. What is m(-10)?
54
Let o(m) be the third derivative of -1/12*m**4 + 2*m**2 + 0 + 2/3*m**3 + 0*m. What is o(6)?
-8
Suppose p + 20 = -2*h + 7*h, -5*h + 5*p = -40. Suppose 2 + 25 = -h*x. Let c be x - (-6 - -4 - 1). Let q(g) = g**3 + 6*g**2 - g - 2. Calculate q(c).
4
Let n(h) = h**3 + 4*h**2 - h - 6. Suppose 3*o + 27 = -3*s, -10 = 4*s - o + 6. Calculate n(s).
-26
Suppose 3*u + 2*u - 5*i - 15 = 0, 5*i + 5 = 0. Let d(l) = -l**2 - 7*l - u + 0 - 6 + 2. Determine d(-4).
6
Let h(x) = -221*x**2 + 103*x**2 + 119*x**2 - 11*x + 1. What is h(7)?
-27
Let o(t) = -t**3 + 6*t**2 - t - 3. Let k(r) = r**3 + 2*r**2 - r + 1. Let x be k(-2). Let v = 2 + x. Determine o(v).
17
Let z(f) = -2*f**2 + 4*f - 1. Let k(d) = 4*d**3 - d. Let t be k(2). Suppose -o = o - t. Suppose -h = -6*h + o. Determine z(h).
-7
Let r be 3*(0 - -2)/6. Let i(q) = 3*q**2 + 4*q + 1. Let w(d) = d**2 - d. Let k(n) = -i(n) - 5*w(n). Calculate k(r).
-8
Let w(m) be the third derivative of 7*m**6/60 + m**5/30 - m**4/12 + m**3/6 - m**2. Let o = 61 + -60. Let n be -1*1*o/(-2)*2. Determine w(n).
15
Let r(x) = -x**2 + 5*x. Let p be r(3). Let y(i) = 32*i**2 + 32*i + 19. Let a(n) = -9*n**2 - 10*n - 6. Let g(t) = -7*a(t) - 2*y(t). Give g(p).
4
Let h(n) be the second derivative of -n**3/6 + n. Give h(5).
-5
Suppose 698 = 21*v + 173. Let a(t) = -11 - v*t + 5 + t**3 - t**2 + 24*t. What is a(0)?
-6
Let i(w) be the first derivative of w**4/4 - 2*w**3 + 5*w**2/2 + 3*w + 6. Let g be i(5). Let a(b) = -15 - b + 4*b*